 Let b be (-44)/z - 2/(-9)*-15. Let u be ((-1)/((-1)/b))/((-14)/(-49)). What is v(u)?
10
Let j(u) be the first derivative of u**3/3 + 2*u**2 - 1. Let k(l) = -5*l**3 + 4*l**2 + 6*l + 1. Let m be k(-1). Give j(m).
32
Let u be ((-44)/(-5))/((-11)/(-275)). Let h = u - 222. Let v(c) = c**3 + c**2 - 4*c - 3. Determine v(h).
1
Suppose -3*l = -2*h - 1164, -4*l + 1575 = 2*h + 3*h. Suppose -11*x + l = -83. Let f(w) = -18 - 26 - 2*w + x. Calculate f(-6).
11
Let k(z) = -2*z + 1. Suppose -5*f + o - 6*o = -40, 5*f = 5*o + 40. Let c be 8/(-32) - -7 - (-2)/f. Let p be (-16)/(-56) + 33/c. What is k(p)?
-9
Let y(z) be the second derivative of 87*z**5/20 + z**4/12 + z**3/3 - 3*z**2/2 - 3188*z. Determine y(1).
87
Let w(o) = o**3 - o - 1. Let a(t) = -4*t**3 - 14*t**2 + 18*t + 14. Let f(y) = -a(y) - 5*w(y). Suppose -182 = 16722*j - 16736*j. Give f(j).
-9
Let p(n) = 5*n - 54 + 109 - 38. Let l(o) = 2*o + 9. Let m(v) = 5*l(v) - 3*p(v). Determine m(-4).
14
Let r(q) = 52*q - 269. Let w be (-296)/(-56) + (-32)/14 + 2. Calculate r(w).
-9
Suppose 7 = 3*d - 4*p, -2*p = -4*d + 39 - 23. Let s(z) be the third derivative of 0*z + 7/24*z**4 + 1/60*z**d + 31*z**2 - 1/3*z**3 + 0. Calculate s(-7).
-2
Let y(z) be the third derivative of 13*z**4/12 + 29*z**3/6 - 2516*z**2. Give y(-1).
3
Let m be (-10809)/(-45) + 4/(-20). Suppose -31*q - 70 - m = 0. Let j(i) = -i**3 - 9*i**2 + 9*i - 8. Calculate j(q).
2
Let z = 2115 + -2115. Let r(d) = 3*d + 20. Give r(z).
20
Let i(b) = -2*b - 75*b**3 - 2*b + 1 - 5*b**2 - 82*b**3 + 158*b**3 + 0*b. Suppose 6 = -7*s + 41. Calculate i(s).
-19
Let y be -10*(39/5 - (-3 - -11)). Let v(p) = -2*p**3 - p**2 + 2*p + 1. Determine v(y).
-15
Let y(b) = b**3 + 8*b**2 - 12*b - 27. Let r be y(-9). Let m(d) = d**2 + 11*d - 10. Let l be m(-12). Let h(f) = -13*f + f**l + 13*f + 10. Determine h(r).
10
Let i(y) = 5*y - 7. Let t(m) = -14*m + 20. Suppose 2 = 2*z + 36. Let v(h) = z*i(h) - 6*t(h). Let b be (20/15)/((-7)/(-21)). What is v(b)?
-5
Let y(i) = 6*i**3 + 10*i**3 + 5*i**2 + 10*i**3 - 31*i**3. What is y(2)?
-20
Suppose 9*a = 6 + 12. Suppose a*k + 10 = -z, -z + 5*k - 5 = -2. Let t(f) = f**3 + 7*f**2 - 11*f - 4. Give t(z).
20
Let s(l) = 123*l**3 - 6*l**2 - 2*l - 12. Let y(t) = -389*t**3 + 19*t**2 + 6*t + 37. Let m(p) = 19*s(p) + 6*y(p). Give m(3).
69
Let i = -24448 - -24431. Let g(f) = -f**3 - 17*f**2 - f - 30. Calculate g(i).
-13
Suppose 5961*r + 90 = 5979*r. Let b(d) = -d**2 + 7*d - 5. Give b(r).
5
Let k(u) = -2*u**2 + 6*u + 6. Let v = 22 + -12. Let s(w) = w**3 - 4*w**2 - 3*w. Let g be s(5). Suppose v*x + g = 12*x. Calculate k(x).
-14
Let s be 16*(-4 - (1 - 7)). Suppose -12 + 108 = -s*l. Let j(o) = -o**3 - 4*o**2 - 3. Give j(l).
-12
Let s be (9/6)/(3 - 10/4). Suppose 5*d - 33 - 37 = 0. Let c(p) = -7*p - 8*p + d*p - 1. Calculate c(s).
-4
Let b(n) = -n**2 + 9 + 5*n + 2*n**2 - 2*n**2 + 5*n**2. Let q(i) = 3*i**2 + 5*i + 9. Let j(v) = 4*b(v) - 5*q(v). Calculate j(-2).
5
Let i = -45 - -42. Let q(h) = 2*h + 1. Let t(k) = 7*k - 12. Let v(f) = i*q(f) + t(f). Give v(8).
-7
Suppose -c - 4*w - 180 = 0, 0*c + 3*c + 3*w = -531. Let x = c - -171. Let o(i) = i**3 + 6*i**2 + 5*i - 6. Calculate o(x).
-6
Let o(m) = -27*m**3 + 2*m**2 - 4*m + 2. Suppose -4*k = -5*s - 4 + 21, -2*k - 2 = 4*s. Determine o(s).
-27
Let a = 608 - 609. Let w(y) = 8*y**3 - y**2 - 2*y - 3. Let n be w(a). Let j(d) = -3*d - 24. Calculate j(n).
6
Let b(k) = -9*k - 91. Suppose 75*m - 71*m + 50 = -2*d, 0 = 4*m + 4*d + 56. Give b(m).
8
Let m(n) be the third derivative of -n**6/120 + 3*n**5/10 + n**4/12 - 2*n**3 - 30*n**2 + 50*n + 1. Determine m(18).
24
Let n = -2823 + 2824. Let q(x) = -10*x**2 + 2*x - 2. Calculate q(n).
-10
Let f(d) = 518 - 1014 - 10*d + 501. Calculate f(-4).
45
Let x(s) = 9*s + 50. Let l = 5542 + -5549. Determine x(l).
-13
Let v = 22 + -5. Let d(o) = -o**3 + 17*o**2 - 2*o + 35. Let s be d(v). Let i(r) = 7*r**2 + 2*r - 1. Calculate i(s).
8
Let u(t) = 2*t + 64. Let d(v) = v - 18 - 45 + 98. Let b(o) = 11*d(o) - 6*u(o). Determine b(5).
-4
Let g(i) = -i**3 + 2*i**2 - 3*i - 11. Suppose -204*n = -241*n + 148. Calculate g(n).
-55
Let y(m) = 10*m**3 + 35*m**2 + 26*m + 29. Let c(x) = -2*x**3 - 2*x - 1. Let h(p) = -4*c(p) - y(p). Calculate h(-17).
-8
Let z(x) = -2*x**2 + 3*x + 2. Let q(n) = 10*n**2 - 16*n - 10. Let r(f) = 3*q(f) + 16*z(f). Suppose -2*v + 12 = 0, -3*j - 52 + 85 = 4*v. Calculate r(j).
-16
Let h(q) = -q**3 + 25*q**2 - 25*q + 35. Let z(r) = 48*r - 744. Let d be z(16). Give h(d).
11
Let k(m) = -4*m**3 + 43*m**2 + 2*m + 12. Let w(g) = 2*g**3 - 32*g**2 - g - 11. Let l(h) = 2*k(h) + 3*w(h). What is l(-5)?
-14
Let w(s) be the second derivative of -s**7/140 + s**4/24 - 15*s**3 - s - 77. Let l(p) be the second derivative of w(p). Calculate l(2).
-47
Suppose -3*p + 3*z = -33, 2*p - 4 - 20 = z. Suppose p*f + 36 = 22*f. Let l(a) = 3 - 5 + 1 + a**2 - 4*a. Determine l(f).
-1
Let t(d) be the second derivative of -25*d**3/6 - d**2/2 + 1673*d. Calculate t(-1).
24
Let g be 2/3 - 35/(-15). Suppose -2*u + 5*o + 14 = 0, 0 = -g*u + o + 3 + 5. Let m(v) = -u + 63*v**2 - 62*v**2 - 6*v - 4. Calculate m(7).
1
Let w(m) be the second derivative of -1/6*m**3 - 9/2*m**2 + 0 + 40*m. Give w(-15).
6
Let n be 387/258 - (-1)/2. Let d(z) = -29*z + 58. What is d(n)?
0
Let g = -11 + 17. Let a(q) be the first derivative of q**4/4 - 8*q**3/3 + 6*q**2 + 4*q + 5291. Determine a(g).
4
Let v(w) be the second derivative of -1/2*w**4 - 6*w**2 - 143*w - 1/20*w**5 + 5/6*w**3 + 2. Determine v(-7).
2
Let d(a) = 2*a + 6. Let g(w) = -1 + 7 + 3 - 2 + 3*w. Let x(v) = 5*d(v) - 4*g(v). Calculate x(-4).
10
Let u(l) be the second derivative of l**3/3 + 3*l**2/2 + l. Let y(p) = 198*p - 68904. Let z be y(348). What is u(z)?
3
Let f(l) = 2*l**3 - 6*l**2 + 8*l - 2. Let x be f(1). Let u(a) be the first derivative of -1/4*a**4 - a**x + 3*a + 0*a**3 + 7. What is u(2)?
-9
Let u(c) = 55*c**3 + c**2 + c + 1. Let b(r) = 96*r**3 + 3*r**2 + 2*r + 1. Let v(l) = 4*b(l) - 7*u(l). Let t be 4 - -2 - (0 - -1). Calculate v(t).
2
Let q(n) = 3*n**2 - 49*n + 46. Let m = -461 + 454. Let f(o) = -o**2 + 16*o - 15. Let j(x) = m*f(x) - 2*q(x). Give j(13).
0
Suppose 4*j - 5*f = 392, 8*f - 6*f - 111 = -j. Let c = 107 - j. Let i(k) = -2 + 3 + 5*k - 3. Determine i(c).
18
Let t(p) = -64*p - 85. Let d(w) = -29*w - 42. Let x(j) = 9*d(j) - 4*t(j). What is x(-5)?
-13
Let p(u) be the first derivative of -2*u**2 + 2*u - 1409. Calculate p(0).
2
Let n(r) = 2*r**2 + 10*r + 3. Let w = -86 - -151. Suppose 0 = -14*h - w - 33. Give n(h).
31
Let l be (10/25)/(2/50). Let u(j) = -18*j**3 - 23*j**2 + 17*j - 11. Let r(z) = 5*z**3 + 8*z**2 - 5*z + 4. Let o(y) = -7*r(y) - 2*u(y). Give o(l).
4
Let z(k) = -k**3 - 4*k**2 - 4*k - 3. Let l = -33 - -63. Let f be ((-10)/6)/((-10)/l). Suppose -i = -f + 7. What is z(i)?
-3
Let o(l) = 3*l + 11. Let v be (-2)/4*3*24/36. Let b be o(v). Let g(j) = j**2 - 5*j + 1. Calculate g(b).
25
Let i(v) be the second derivative of -v**3/6 - 2*v**2 + 7*v. Let l be i(-2). Let q be 240/(-50) - l/(-10). Let c(d) = -d**3 - 4*d**2 + 4*d + 5. Determine c(q).
10
Let o(a) = a**2 - 6. Let t(j) = -12*j + 110. Let d(i) = 3*i - 1. Let k(c) = 2*d(c) + t(c). Let w be k(18). What is o(w)?
-6
Let l(o) = o**3 - 3*o**2 - 4*o. Suppose -21 = 3*f + 3*y, -4*f - 10*y + 7*y - 23 = 0. Calculate l(f).
-12
Let h(s) be the third derivative of s**6/120 - s**5/12 - s**4/3 + s**3/6 - s**2 - 145*s. Determine h(6).
-11
Let b = 1872 - 1879. Let z(f) = 2*f**3 + 13*f**2 - 7*f + 7. What is z(b)?
7
Let k(r) = r - 1. Let v(x) = 2*x + x + 0*x + 8 - 4*x. Let m be v(-3). Give k(m).
10
Let t(m) = -8*m. Let c(f) be the first derivative of f**3/3 - 3*f**2/2 - 30*f + 110. Let k be c(7). What is t(k)?
16
Let z(k) = k**3 + 6*k**2 + 5*k - 1. Let p = -209 + 207. Let w be 28/(-6) - p/(-6). Determine z(w).
-1
Let y(l) = 3*l**2 + 4*l - 2. Let h(q) = 2*q**2 - 22*q - 4. Let g be h(11). Give y(g).
30
Suppose 11*k = 6*k - l + 53, -5*l = -3*k + 15. Let b(a) = a**2 - 6*a**2 + k*a + 22 - 5*a**2 - a**3 - 28. Suppose 3*y - y = -22. What is b(y)?
5
Let s(p) = -p**3 - 6*p**2 - 6*p - 13. Let i(f) = -f**3 + 35*f**2 + 249*f - 130. Let d be i(41). Determine s(d).
78
Let z(v) = 6 + 16 - 17 + v + 4 - 1. Let q = 136 + -143. Give z(q).
1
Suppose 0 = 12*v + 3034 - 2998. Let w(f) = f**3 + 2*f**2 + 3*f + 8. What is w(v)?
-10
Let i(h) = -30*h - 32. Let r